{"version":"1.0","provider_name":"French Plein Air Painters \u00a9","provider_url":"https:\/\/frenchpleinairpainters.com","title":"Calendrier des sorties pass\u00e9es en 2022 - French Plein Air Painters \u00a9","type":"rich","width":600,"height":338,"html":"<blockquote class=\"wp-embedded-content\" data-secret=\"k0v3kux72n\"><a href=\"https:\/\/frenchpleinairpainters.com\/index.php\/2022\/01\/18\/calendrier-2022-en-cours-de-construction\/\">Calendrier des sorties pass\u00e9es en 2022<\/a><\/blockquote><iframe sandbox=\"allow-scripts\" security=\"restricted\" src=\"https:\/\/frenchpleinairpainters.com\/index.php\/2022\/01\/18\/calendrier-2022-en-cours-de-construction\/embed\/#?secret=k0v3kux72n\" width=\"600\" height=\"338\" title=\"\u00ab\u00a0Calendrier des sorties pass\u00e9es en 2022\u00a0\u00bb &#8212; French Plein Air Painters \u00a9\" data-secret=\"k0v3kux72n\" frameborder=\"0\" marginwidth=\"0\" marginheight=\"0\" scrolling=\"no\" class=\"wp-embedded-content\"><\/iframe><script>\n\/*! This file is auto-generated *\/\n!function(d,l){\"use strict\";l.querySelector&&d.addEventListener&&\"undefined\"!=typeof URL&&(d.wp=d.wp||{},d.wp.receiveEmbedMessage||(d.wp.receiveEmbedMessage=function(e){var t=e.data;if((t||t.secret||t.message||t.value)&&!\/[^a-zA-Z0-9]\/.test(t.secret)){for(var s,r,n,a=l.querySelectorAll('iframe[data-secret=\"'+t.secret+'\"]'),o=l.querySelectorAll('blockquote[data-secret=\"'+t.secret+'\"]'),c=new RegExp(\"^https?:$\",\"i\"),i=0;i<o.length;i++)o[i].style.display=\"none\";for(i=0;i<a.length;i++)s=a[i],e.source===s.contentWindow&&(s.removeAttribute(\"style\"),\"height\"===t.message?(1e3<(r=parseInt(t.value,10))?r=1e3:~~r<200&&(r=200),s.height=r):\"link\"===t.message&&(r=new URL(s.getAttribute(\"src\")),n=new URL(t.value),c.test(n.protocol))&&n.host===r.host&&l.activeElement===s&&(d.top.location.href=t.value))}},d.addEventListener(\"message\",d.wp.receiveEmbedMessage,!1),l.addEventListener(\"DOMContentLoaded\",function(){for(var e,t,s=l.querySelectorAll(\"iframe.wp-embedded-content\"),r=0;r<s.length;r++)(t=(e=s[r]).getAttribute(\"data-secret\"))||(t=Math.random().toString(36).substring(2,12),e.src+=\"#?secret=\"+t,e.setAttribute(\"data-secret\",t)),e.contentWindow.postMessage({message:\"ready\",secret:t},\"*\")},!1)))}(window,document);\n\/\/# sourceURL=https:\/\/frenchpleinairpainters.com\/wp-includes\/js\/wp-embed.min.js\n<\/script>\n","thumbnail_url":"https:\/\/frenchpleinairpainters.com\/wp-content\/uploads\/2021\/10\/anna-filimonova-paris.jpg","thumbnail_width":1536,"thumbnail_height":2048,"description":"Le calendrier 2022 D\u00e9couvrez l&rsquo;activit\u00e9 de notre plateforme lors de l&rsquo;ann\u00e9e pass\u00e9e. C&rsquo;\u00e9tait notre troisi\u00e8me saison\u00a0 (notre plateforme fut cr\u00e9e en novemebre 2019) et surtout la premi\u00e8re saison vraiment libre apr\u00e8s la Covid. &nbsp; Liste des sorties de 2022 &nbsp; La premi\u00e8re sortie a eu lieu le 22 janvier 2022. Malgr\u00e9 l&rsquo;annulation du Vernissage de l&rsquo;Exposition Demeure d&rsquo;Artiste et la m\u00e9t\u00e9o assez fraiche, ce fut un succ\u00e8s, on \u00e9tait 5 artistes \u00e0 avoir participer \u00e0 la sortie\u00a0 et les oeuvres sont rest\u00e9es expos\u00e9es jusqu&rsquo;au 30 janvier \u00e0 la Fondation Bouzemont Bougival\u00a0 du 20 au 30 janvier 2022\u00a0 ci-dessous sur notre compte Instagram &#8211; le r\u00e9portage @\/the_cradle_of_impressionism\/ &nbsp; &nbsp; &nbsp; &nbsp; Le mois de f\u00e9vrier 2022 fut tr\u00e8s interessant : Anna Filimonova organisa une d\u00e9l\u00e9gation russe\u00a0 \u00e0 l&rsquo;exposition Art Capital qui\u00a0 a eu lieu du 15 au 20 f\u00e9vrier dans le Grand Palais Eph\u00e8m\u00e8res, A l&rsquo;occasion de l&rsquo;arriv\u00e9e de la D\u00e9l\u00e9gation Russe invit\u00e9e par l&rsquo;Association \u00ab\u00a0Festival Cultures Crois\u00e9es\u00a0\u00bb, propri\u00e9taire de cette plateforme, vous a invit\u00e9 \u00e0 la visite priviligi\u00e9e au G\u00e9ant des Beaux Arts dans le 13eme\u00a0 arrondissement de Paris. Elle a eu lieu le 14 f\u00e9vrier 2022 \u00e0 16h. Il y a eu \u00e9galement des tests et des cadeaux de la part de pinceaux Roubloff &#8211; sp\u00e9cialement con\u00e7us pour la plateforme ( ils seront disponible lors de prochains plein air) &nbsp; En mars 2022\u00a0 c&rsquo;est\u00a0 Rapha\u00e8le Bernard-Becot qui nous a r\u00e9\u00e7u aux Etangs de la Ville d&rsquo;Avray le 5 mars\u00a0 &#8211; r\u00e9portage ici\u00a0 sur @the_cradle_of_impressionnism: &nbsp; &nbsp; &nbsp; &nbsp; Le 9 avril \u00e9tait la journ\u00e9e de la peinture \u00e0 Compi\u00e8gne avec Marnix Hoogendoorm\u00a0 qui nous a re\u00e7u dans sa ville \u00e0 l&rsquo;occasion de son exposition Lieu de peinture accessible en 40 minutes par le train de la gare du Nord En savoir plus sur le lieu clicquez ici \u00a0 &nbsp; &nbsp; &nbsp; &nbsp; Le 6\u00e8me Festival International de peinture en plein air sur grand format, organis\u00e9 par l&rsquo;association Festival Cultures Crois\u00e9es, arrive dans le Ch\u00e2teau d\u2019Ainay-le-Viel o\u00f9 il se deroulera du 14 au 19 juin 2022. Consultez sa page pour \u00eatre\u00a0 bientot\u00a0 inform\u00e9 en priorit\u00e9 des modalit\u00e9s d&rsquo;inscription. Festival International de peinture en plein air sur grand format,\u00a0 c\u2019est est un \u00e9v\u00e9nement artistique international\u00a0 itin\u00e9rant qui r\u00e9unit des artistes peintres de plein air de renomm\u00e9e international et permet aussi aux artistes locaux de prendre part \u00e0 leur cot\u00e9 dans les s\u00e9ances de peinture en plein air. Vous pourrez\u00a0 savoir plus\u00a0 sur son histoire et vous inscrire sur le site \u00a0http:\/\/www.festival-cultures-croisees.eu Le mois\u00a0 d&rsquo;automne nous ont ouvert\u00a0 plusieurs possibilit\u00e9s de partir en escapade dans le Sud avec notre nouveau partenaire Ateliers d&rsquo;Art de C\u00e9cile Perry qui s&rsquo;occupe de tout pour rendre les artistes plein airiste heureux,\u00a0 Le 25 septembre on \u00e9tait avec Alix Morel \u00e0 Amiens, ( Allez-tour dans la journ\u00e9e en train ou voiture facilement faisable, une exposition \u00e0 l&rsquo;atelier d&rsquo;Alix en fin de la journ\u00e9e ) Le Mois d&rsquo;octobre fut marqu\u00e9 par le premier Festival des Arts \u00e0 Moussoulens (Pr\u00e8s de Carcassonne)"}

Calendrier des sorties passées en 2022 - French Plein Air Painters ©

<blockquote class="wp-embedded-content" data-secret="k0v3kux72n"><a href="https://frenchpleinairpainters.com/index.php/2022/01/18/calendrier-2022-en-cours-de-construction/">Calendrier des sorties passées en 2022</a></blockquote><iframe sandbox="allow-scripts" security="restricted" src="https://frenchpleinairpainters.com/index.php/2022/01/18/calendrier-2022-en-cours-de-construction/embed/#?secret=k0v3kux72n" width="600" height="338" title="« Calendrier des sorties passées en 2022 » &#8212; French Plein Air Painters ©" data-secret="k0v3kux72n" frameborder="0" marginwidth="0" marginheight="0" scrolling="no" class="wp-embedded-content"></iframe><script>
/*! This file is auto-generated */
!function(d,l){"use strict";l.querySelector&&d.addEventListener&&"undefined"!=typeof URL&&(d.wp=d.wp||{},d.wp.receiveEmbedMessage||(d.wp.receiveEmbedMessage=function(e){var t=e.data;if((t||t.secret||t.message||t.value)&&!/[^a-zA-Z0-9]/.test(t.secret)){for(var s,r,n,a=l.querySelectorAll('iframe[data-secret="'+t.secret+'"]'),o=l.querySelectorAll('blockquote[data-secret="'+t.secret+'"]'),c=new RegExp("^https?:$","i"),i=0;i<o.length;i++)o[i].style.display="none";for(i=0;i<a.length;i++)s=a[i],e.source===s.contentWindow&&(s.removeAttribute("style"),"height"===t.message?(1e3<(r=parseInt(t.value,10))?r=1e3:~~r<200&&(r=200),s.height=r):"link"===t.message&&(r=new URL(s.getAttribute("src")),n=new URL(t.value),c.test(n.protocol))&&n.host===r.host&&l.activeElement===s&&(d.top.location.href=t.value))}},d.addEventListener("message",d.wp.receiveEmbedMessage,!1),l.addEventListener("DOMContentLoaded",function(){for(var e,t,s=l.querySelectorAll("iframe.wp-embedded-content"),r=0;r<s.length;r++)(t=(e=s[r]).getAttribute("data-secret"))||(t=Math.random().toString(36).substring(2,12),e.src+="#?secret="+t,e.setAttribute("data-secret",t)),e.contentWindow.postMessage({message:"ready",secret:t},"*")},!1)))}(window,document);
//# sourceURL=https://frenchpleinairpainters.com/wp-includes/js/wp-embed.min.js
</script>

Le calendrier 2022 Découvrez l&rsquo;activité de notre plateforme lors de l&rsquo;année passée. C&rsquo;était notre troisième saison  (notre plateforme fut crée en novemebre 2019) et surtout la première saison vraiment libre après la Covid. &nbsp; Liste des sorties de 2022 &nbsp; La première sortie a eu lieu le 22 janvier 2022. Malgré l&rsquo;annulation du Vernissage de l&rsquo;Exposition Demeure d&rsquo;Artiste et la météo assez fraiche, ce fut un succès, on était 5 artistes à avoir participer à la sortie  et les oeuvres sont restées exposées jusqu&rsquo;au 30 janvier à la Fondation Bouzemont Bougival  du 20 au 30 janvier 2022  ci-dessous sur notre compte Instagram &#8211; le réportage @/the_cradle_of_impressionism/ &nbsp; &nbsp; &nbsp; &nbsp; Le mois de février 2022 fut très interessant : Anna Filimonova organisa une délégation russe  à l&rsquo;exposition Art Capital qui  a eu lieu du 15 au 20 février dans le Grand Palais Ephèmères, A l&rsquo;occasion de l&rsquo;arrivée de la Délégation Russe invitée par l&rsquo;Association « Festival Cultures Croisées », propriétaire de cette plateforme, vous a invité à la visite priviligiée au Géant des Beaux Arts dans le 13eme  arrondissement de Paris. Elle a eu lieu le 14 février 2022 à 16h. Il y a eu également des tests et des cadeaux de la part de pinceaux Roubloff &#8211; spécialement conçus pour la plateforme ( ils seront disponible lors de prochains plein air) &nbsp; En mars 2022  c&rsquo;est  Raphaèle Bernard-Becot qui nous a réçu aux Etangs de la Ville d&rsquo;Avray le 5 mars  &#8211; réportage ici  sur @the_cradle_of_impressionnism: &nbsp; &nbsp; &nbsp; &nbsp; Le 9 avril était la journée de la peinture à Compiègne avec Marnix Hoogendoorm  qui nous a reçu dans sa ville à l&rsquo;occasion de son exposition Lieu de peinture accessible en 40 minutes par le train de la gare du Nord En savoir plus sur le lieu clicquez ici   &nbsp; &nbsp; &nbsp; &nbsp; Le 6ème Festival International de peinture en plein air sur grand format, organisé par l&rsquo;association Festival Cultures Croisées, arrive dans le Château d’Ainay-le-Viel où il se deroulera du 14 au 19 juin 2022. Consultez sa page pour être  bientot  informé en priorité des modalités d&rsquo;inscription. Festival International de peinture en plein air sur grand format,  c’est est un événement artistique international  itinérant qui réunit des artistes peintres de plein air de renommée international et permet aussi aux artistes locaux de prendre part à leur coté dans les séances de peinture en plein air. Vous pourrez  savoir plus  sur son histoire et vous inscrire sur le site  http://www.festival-cultures-croisees.eu Le mois  d&rsquo;automne nous ont ouvert  plusieurs possibilités de partir en escapade dans le Sud avec notre nouveau partenaire Ateliers d&rsquo;Art de Cécile Perry qui s&rsquo;occupe de tout pour rendre les artistes plein airiste heureux,  Le 25 septembre on était avec Alix Morel à Amiens, ( Allez-tour dans la journée en train ou voiture facilement faisable, une exposition à l&rsquo;atelier d&rsquo;Alix en fin de la journée ) Le Mois d&rsquo;octobre fut marqué par le premier Festival des Arts à Moussoulens (Près de Carcassonne)
