{"version":"1.0","provider_name":"French Plein Air Painters \u00a9","provider_url":"https:\/\/frenchpleinairpainters.com","title":"Rappel avec lien zoom \/ Conf\u00e9rence de presse aujourd'hui le 5 ao\u00fbt 2021 \u00e0 15h30 en r\u00e9el \"Aux Andelys\" ou sur Zoom - French Plein Air Painters \u00a9","type":"rich","width":600,"height":338,"html":"<blockquote class=\"wp-embedded-content\" data-secret=\"TCKVxBODrD\"><a href=\"https:\/\/frenchpleinairpainters.com\/index.php\/invitation-a-la-conference-de-presse\/\">Rappel avec lien zoom \/ Conf\u00e9rence de presse aujourd&rsquo;hui le 5 ao\u00fbt 2021 \u00e0 15h30 en r\u00e9el \u00ab\u00a0Aux Andelys\u00a0\u00bb ou sur Zoom<\/a><\/blockquote><iframe sandbox=\"allow-scripts\" security=\"restricted\" src=\"https:\/\/frenchpleinairpainters.com\/index.php\/invitation-a-la-conference-de-presse\/embed\/#?secret=TCKVxBODrD\" width=\"600\" height=\"338\" title=\"\u00ab\u00a0Rappel avec lien zoom \/ Conf\u00e9rence de presse aujourd&rsquo;hui le 5 ao\u00fbt 2021 \u00e0 15h30 en r\u00e9el \u00ab\u00a0Aux Andelys\u00a0\u00bb ou sur Zoom\u00a0\u00bb &#8212; French Plein Air Painters \u00a9\" data-secret=\"TCKVxBODrD\" frameborder=\"0\" marginwidth=\"0\" marginheight=\"0\" scrolling=\"no\" class=\"wp-embedded-content\"><\/iframe><script>\n\/*! This file is auto-generated *\/\n!function(d,l){\"use strict\";l.querySelector&&d.addEventListener&&\"undefined\"!=typeof URL&&(d.wp=d.wp||{},d.wp.receiveEmbedMessage||(d.wp.receiveEmbedMessage=function(e){var t=e.data;if((t||t.secret||t.message||t.value)&&!\/[^a-zA-Z0-9]\/.test(t.secret)){for(var s,r,n,a=l.querySelectorAll('iframe[data-secret=\"'+t.secret+'\"]'),o=l.querySelectorAll('blockquote[data-secret=\"'+t.secret+'\"]'),c=new RegExp(\"^https?:$\",\"i\"),i=0;i<o.length;i++)o[i].style.display=\"none\";for(i=0;i<a.length;i++)s=a[i],e.source===s.contentWindow&&(s.removeAttribute(\"style\"),\"height\"===t.message?(1e3<(r=parseInt(t.value,10))?r=1e3:~~r<200&&(r=200),s.height=r):\"link\"===t.message&&(r=new URL(s.getAttribute(\"src\")),n=new URL(t.value),c.test(n.protocol))&&n.host===r.host&&l.activeElement===s&&(d.top.location.href=t.value))}},d.addEventListener(\"message\",d.wp.receiveEmbedMessage,!1),l.addEventListener(\"DOMContentLoaded\",function(){for(var e,t,s=l.querySelectorAll(\"iframe.wp-embedded-content\"),r=0;r<s.length;r++)(t=(e=s[r]).getAttribute(\"data-secret\"))||(t=Math.random().toString(36).substring(2,12),e.src+=\"#?secret=\"+t,e.setAttribute(\"data-secret\",t)),e.contentWindow.postMessage({message:\"ready\",secret:t},\"*\")},!1)))}(window,document);\n\/\/# sourceURL=https:\/\/frenchpleinairpainters.com\/wp-includes\/js\/wp-embed.min.js\n<\/script>\n","description":"Paris, le 5 ao\u00fbt 2021 A l&rsquo;attention de [[data:civilit\u00e9:\u00a0\u00bb\u00a0\u00bb]] [[data:firstname:\u00a0\u00bb\u00a0\u00bb]] [[data:lastname:\u00a0\u00bb\u00a0\u00bb]] Mesdames, Messieurs, Bonjour, Veuillez trouvez-ci-dessous le lien\u00a0 zoom en suivant le lien ce-dessous : \u00a0 https:\/\/zoom.us\/j\/96063211002\u00a0\u00a0ID de r\u00e9union : 960 6321 1002 pour assister aujourd&rsquo;hui, le 5 ao\u00fbt 2021, \u00e0 03:30 PM Paris, l \u00e0 la conf\u00e9rence de presse afin de vous pr\u00e9senter le 5\u00e8me Festival International de peinture sur grand format en plein air\u00a0 organis\u00e9 par l &lsquo;Association \u00ab\u00a0Festival Cultures Crois\u00e9es\u00a0\u00bb et rencontrer notre invit\u00e9 d&rsquo;honneur Marc Dalessio artiste am\u00e9ricain qui viendra peintre aux Andelys du 25 au 29 ao\u00fbt 2021 avec les 20 nomin\u00e9s internationaux. Vous trouverez ci-joint le lien d&rsquo;annonce du Festival , le Communqu\u00e9 de presse https:\/\/frenchpleinairpainters.com\/index.php\/2021\/08\/05\/communique-de-presse-du-festival-aux-andelys\/ Et ci-dessous le lien pour visionner le dossier de presse en haute d\u00e9finition ligne \u00a0https:\/\/drive.google.com\/file\/d\/1kW0p2KiAvSNjTCyKHQ_FqSVC_DERA3uX\/view &nbsp; La conf\u00e9rence de presse aura lieu dans les locaux de notre partenaire l\u2019h\u00f4tel-restaurant \u00a0\u00ab La Chaine d\u2019Or\u00a0\u00bb\u00a0 25 grande rue 27700 Les Andelys, dans la salle privative appel\u00e9e salle normande. Au cours de la conf\u00e9rence, vous pourrez rencontrer notre invit\u00e9 d\u2019honneur \u00a0Marc Dalessio\u00a0 artiste am\u00e9ricain qui pourra r\u00e9pondre aux question en fran\u00e7ais Vous pourrez aussi rencontrer plusieurs artistes et partenaires pr\u00e9sents. En vous remerciant par avance pour l\u2019int\u00e9r\u00eat que vous porterez \u00e0 diffuser largement notre \u00e9v\u00e9nement dans vos supports. Bien cordialement Anna Filimonova, Commissaire du Festival International de peinture en plein air pour me contacter 06 61 91 23 98 ou savoir plus\u00a0https:\/\/taplink.cc\/annafilimonovaartist Si vous souhaitez vous d\u00e9sabonner [[UNSUB_LINK_FR]] et\/ou changer votre adresse d&rsquo;abonnement envoyez un message sur anna@filimonova.com"}

Rappel avec lien zoom / Conférence de presse aujourd'hui le 5 août 2021 à 15h30 en réel "Aux Andelys" ou sur Zoom - French Plein Air Painters ©

<blockquote class="wp-embedded-content" data-secret="TCKVxBODrD"><a href="https://frenchpleinairpainters.com/index.php/invitation-a-la-conference-de-presse/">Rappel avec lien zoom / Conférence de presse aujourd&rsquo;hui le 5 août 2021 à 15h30 en réel « Aux Andelys » ou sur Zoom</a></blockquote><iframe sandbox="allow-scripts" security="restricted" src="https://frenchpleinairpainters.com/index.php/invitation-a-la-conference-de-presse/embed/#?secret=TCKVxBODrD" width="600" height="338" title="« Rappel avec lien zoom / Conférence de presse aujourd&rsquo;hui le 5 août 2021 à 15h30 en réel « Aux Andelys » ou sur Zoom » &#8212; French Plein Air Painters ©" data-secret="TCKVxBODrD" frameborder="0" marginwidth="0" marginheight="0" scrolling="no" class="wp-embedded-content"></iframe><script>
/*! This file is auto-generated */
!function(d,l){"use strict";l.querySelector&&d.addEventListener&&"undefined"!=typeof URL&&(d.wp=d.wp||{},d.wp.receiveEmbedMessage||(d.wp.receiveEmbedMessage=function(e){var t=e.data;if((t||t.secret||t.message||t.value)&&!/[^a-zA-Z0-9]/.test(t.secret)){for(var s,r,n,a=l.querySelectorAll('iframe[data-secret="'+t.secret+'"]'),o=l.querySelectorAll('blockquote[data-secret="'+t.secret+'"]'),c=new RegExp("^https?:$","i"),i=0;i<o.length;i++)o[i].style.display="none";for(i=0;i<a.length;i++)s=a[i],e.source===s.contentWindow&&(s.removeAttribute("style"),"height"===t.message?(1e3<(r=parseInt(t.value,10))?r=1e3:~~r<200&&(r=200),s.height=r):"link"===t.message&&(r=new URL(s.getAttribute("src")),n=new URL(t.value),c.test(n.protocol))&&n.host===r.host&&l.activeElement===s&&(d.top.location.href=t.value))}},d.addEventListener("message",d.wp.receiveEmbedMessage,!1),l.addEventListener("DOMContentLoaded",function(){for(var e,t,s=l.querySelectorAll("iframe.wp-embedded-content"),r=0;r<s.length;r++)(t=(e=s[r]).getAttribute("data-secret"))||(t=Math.random().toString(36).substring(2,12),e.src+="#?secret="+t,e.setAttribute("data-secret",t)),e.contentWindow.postMessage({message:"ready",secret:t},"*")},!1)))}(window,document);
//# sourceURL=https://frenchpleinairpainters.com/wp-includes/js/wp-embed.min.js
</script>

Paris, le 5 août 2021 A l&rsquo;attention de [[data:civilité: » »]] [[data:firstname: » »]] [[data:lastname: » »]] Mesdames, Messieurs, Bonjour, Veuillez trouvez-ci-dessous le lien  zoom en suivant le lien ce-dessous :   https://zoom.us/j/96063211002  ID de réunion : 960 6321 1002 pour assister aujourd&rsquo;hui, le 5 août 2021, à 03:30 PM Paris, l à la conférence de presse afin de vous présenter le 5ème Festival International de peinture sur grand format en plein air  organisé par l &lsquo;Association « Festival Cultures Croisées » et rencontrer notre invité d&rsquo;honneur Marc Dalessio artiste américain qui viendra peintre aux Andelys du 25 au 29 août 2021 avec les 20 nominés internationaux. Vous trouverez ci-joint le lien d&rsquo;annonce du Festival , le Communqué de presse https://frenchpleinairpainters.com/index.php/2021/08/05/communique-de-presse-du-festival-aux-andelys/ Et ci-dessous le lien pour visionner le dossier de presse en haute définition ligne  https://drive.google.com/file/d/1kW0p2KiAvSNjTCyKHQ_FqSVC_DERA3uX/view &nbsp; La conférence de presse aura lieu dans les locaux de notre partenaire l’hôtel-restaurant  « La Chaine d’Or »  25 grande rue 27700 Les Andelys, dans la salle privative appelée salle normande. Au cours de la conférence, vous pourrez rencontrer notre invité d’honneur  Marc Dalessio  artiste américain qui pourra répondre aux question en français Vous pourrez aussi rencontrer plusieurs artistes et partenaires présents. En vous remerciant par avance pour l’intérêt que vous porterez à diffuser largement notre événement dans vos supports. Bien cordialement Anna Filimonova, Commissaire du Festival International de peinture en plein air pour me contacter 06 61 91 23 98 ou savoir plus https://taplink.cc/annafilimonovaartist Si vous souhaitez vous désabonner [[UNSUB_LINK_FR]] et/ou changer votre adresse d&rsquo;abonnement envoyez un message sur anna@filimonova.com
