{"version":"1.0","provider_name":"French Plein Air Painters \u00a9","provider_url":"https:\/\/frenchpleinairpainters.com","title":"Planning 2021 en evolution permanente (covid oblige mais nous sommes plus fort!) - French Plein Air Painters \u00a9","type":"rich","width":600,"height":338,"html":"<blockquote class=\"wp-embedded-content\" data-secret=\"MNK0CZwi8N\"><a href=\"https:\/\/frenchpleinairpainters.com\/index.php\/planning-2021-en-cours-delaboration\/\">Planning 2021 en evolution permanente (covid oblige mais nous sommes plus fort!)<\/a><\/blockquote><iframe sandbox=\"allow-scripts\" security=\"restricted\" src=\"https:\/\/frenchpleinairpainters.com\/index.php\/planning-2021-en-cours-delaboration\/embed\/#?secret=MNK0CZwi8N\" width=\"600\" height=\"338\" title=\"\u00ab\u00a0Planning 2021 en evolution permanente (covid oblige mais nous sommes plus fort!)\u00a0\u00bb &#8212; French Plein Air Painters \u00a9\" data-secret=\"MNK0CZwi8N\" frameborder=\"0\" marginwidth=\"0\" marginheight=\"0\" scrolling=\"no\" class=\"wp-embedded-content\"><\/iframe><script>\n\/*! This file is auto-generated *\/\n!function(d,l){\"use strict\";l.querySelector&&d.addEventListener&&\"undefined\"!=typeof URL&&(d.wp=d.wp||{},d.wp.receiveEmbedMessage||(d.wp.receiveEmbedMessage=function(e){var t=e.data;if((t||t.secret||t.message||t.value)&&!\/[^a-zA-Z0-9]\/.test(t.secret)){for(var s,r,n,a=l.querySelectorAll('iframe[data-secret=\"'+t.secret+'\"]'),o=l.querySelectorAll('blockquote[data-secret=\"'+t.secret+'\"]'),c=new RegExp(\"^https?:$\",\"i\"),i=0;i<o.length;i++)o[i].style.display=\"none\";for(i=0;i<a.length;i++)s=a[i],e.source===s.contentWindow&&(s.removeAttribute(\"style\"),\"height\"===t.message?(1e3<(r=parseInt(t.value,10))?r=1e3:~~r<200&&(r=200),s.height=r):\"link\"===t.message&&(r=new URL(s.getAttribute(\"src\")),n=new URL(t.value),c.test(n.protocol))&&n.host===r.host&&l.activeElement===s&&(d.top.location.href=t.value))}},d.addEventListener(\"message\",d.wp.receiveEmbedMessage,!1),l.addEventListener(\"DOMContentLoaded\",function(){for(var e,t,s=l.querySelectorAll(\"iframe.wp-embedded-content\"),r=0;r<s.length;r++)(t=(e=s[r]).getAttribute(\"data-secret\"))||(t=Math.random().toString(36).substring(2,12),e.src+=\"#?secret=\"+t,e.setAttribute(\"data-secret\",t)),e.contentWindow.postMessage({message:\"ready\",secret:t},\"*\")},!1)))}(window,document);\n\/\/# sourceURL=https:\/\/frenchpleinairpainters.com\/wp-includes\/js\/wp-embed.min.js\n<\/script>\n","thumbnail_url":"https:\/\/frenchpleinairpainters.com\/wp-content\/uploads\/2020\/12\/calendreier-2021-.jpg","thumbnail_width":1512,"thumbnail_height":1420,"description":"L&rsquo;ann\u00e9e se termine et vous \u00eates actuellement pr\u00e8s de cinquante personnes adh\u00e9rentes et une quinzaine de partenaires r\u00e9unis par l&rsquo;amour de la peinture en plein air en France. L&rsquo;ann\u00e9e 2021 fut fructueuse magr\u00e9 les difucult\u00e9s li\u00e9es au COVID-19 Pour le mois de Novembre 2021 Le prochain plein air aura lieu le dimanche 21\u00a0 \u00e0 la place Dauphine Paris IVeme \u00e0 l&rsquo;occasion de l&rsquo;exposition de peintre pleinairiste reput\u00e9 Stephane Ruais qui expose \u00e0 la galerie le Vert Galant au quai des Orphevres. le plain air et la rencontre sont prevu entre 11H et 14h30 et le 28 novembre \u00e0 11h je vous invite dans la r\u00e9union sur zoom pour discuter du programme de 2022. Copiez le lien et ajouter cette r\u00e9union \u00e0 votre agenda. &nbsp; Nous vous signalons \u00e9galement que l&rsquo;\u00e9venement annul\u00e9 en 2021 l&rsquo;exposition et le Plein air \u00e0 l&rsquo;occasion Exposition \u00ab\u00a0Demeure d&rsquo;Artistes\u00a0\u00bb \u00e0 Bougival aura lieu\u00a0 du 20 au 30 janvier 2022\u00a0 et ceux qui s&rsquo;y sont intscrite l&rsquo;an dernier y sont d\u00e9j\u00e0 compt\u00e9, mais il n&rsquo;est pas tard encore de nous rejoindre dans ce projet Contactez nous sans tarder pour voir si vous pouvez participer \u00e0 l&rsquo;exposition. Le plein air qui aura le samedi 22 janvier\u00a0 apr\u00e8s-midi ou\/et\u00a0 le matin 30 janvier pourra accueillir tous ce qui le souhaitent, reserver vos dates. Ceux qui nous ont rejoint recemment peuvent parcourir notre\u00a0 r\u00e9union publi\u00e9e en vid\u00e9o non r\u00e9pertori\u00e9e ici Ci-dessous vous pouvez d\u00e9couvrir le calendrier des sorties d\u00e9j\u00e0 \u00e9ffectu\u00e9es en 2021 Janvier 2021 Notre premi\u00e8re rencontre a eu lieu le 10 janvier 11h-16h au Potager du Dauphin \u00e0 Meudon (visionnez le reportage youtube ) Le Samedi 23 janvier 14h-16h nous avons r\u00e9alis\u00e9 une deuxi\u00e8me sortie exceptionnelle: en coop\u00e9raiton avec notre partenaire l&rsquo;Office du Tourisme de Bougival. Elle a donn\u00e9 lieu au r\u00e9p\u00e9rage pour l&rsquo;exposition qui est transf\u00e9r\u00e9 en avril ( la s\u00e9ance fut reprogramm\u00e9e pour le 3 avril mais actuellement encore repouss\u00e9e par l&rsquo;Office du Tourisme dans l&rsquo;absence de l&rsquo;amelioration de la situations sanitaire Photos \u00e0 retrouver sur notre compte Instagram @the_cradle_of_impressionism F\u00e9vrier 2021 La sortie reguli\u00e8re le 14 f\u00e9vrier au Parc Martin Luter King dans Paris 17 \u00e8me a r\u00e9uni 6 personnes . Photos \u00e0 retrouver sur notre compte Instagram @the_cradle_of_impressionism Un voyage \u00e9tait \u00e0 l&rsquo;\u00e9tude et en planification un voyage en Bourgogne pour visite du gite pr\u00e8s de Tonnerre \u00e0 Tanlay Propri\u00e9taire accueille 3 personnes gratuitement et montre les environs tr\u00e8s pittoresques. Il faut que cela des personnes succeptibles d&rsquo;organiser un stage cet \u00e9t\u00e9. Logement pour des groupes jusqu&rsquo;au 10 personnes .Dates pr\u00e9cises sont encore \u00e0 l&rsquo;\u00e9tude https:\/\/www.chambres-hotes.fr\/chambres-hotes_aupres-du-chateau_tanlay_h1789013.htm Candidatures \u00e0 nous envoyer avec vos dates souhait\u00e9es. &#8211; report\u00e9 \u00e0 des mois d&rsquo;\u00e9t\u00e9. Mars 2021 &#8211; Deuxi\u00e8me dimanche c&rsquo;est le 14 mars au P\u00e8re Lachaise avec une visite guid\u00e9e par Fran\u00e7ois Tard &#8211; en savoir plus &#8211; ici Photos \u00e0 retrouver sur notre compte Instagram @the_cradle_of_impressionism Avril 2021\u00a0 Confinement les sorties et expo annul\u00e9e Plein air et Exposition \u00ab\u00a0Demeure d&rsquo;Artistes\u00a0\u00bb \u00e0 Bougival pr\u00e9vus du 3 au 11 avril sont r\u00e9pouss\u00e9s par l&rsquo;Office du Tourisme de Bougival \u00e0 une&#46;&#46;&#46;"}

L&rsquo;année se termine et vous êtes actuellement près de cinquante personnes adhérentes et une quinzaine de partenaires réunis par l&rsquo;amour de la peinture en plein air en France. L&rsquo;année 2021 fut fructueuse magré les difucultés liées au COVID-19 Pour le mois de Novembre 2021 Le prochain plein air aura lieu le dimanche 21  à la place Dauphine Paris IVeme à l&rsquo;occasion de l&rsquo;exposition de peintre pleinairiste reputé Stephane Ruais qui expose à la galerie le Vert Galant au quai des Orphevres. le plain air et la rencontre sont prevu entre 11H et 14h30 et le 28 novembre à 11h je vous invite dans la réunion sur zoom pour discuter du programme de 2022. Copiez le lien et ajouter cette réunion à votre agenda. &nbsp; Nous vous signalons également que l&rsquo;évenement annulé en 2021 l&rsquo;exposition et le Plein air à l&rsquo;occasion Exposition « Demeure d&rsquo;Artistes » à Bougival aura lieu  du 20 au 30 janvier 2022  et ceux qui s&rsquo;y sont intscrite l&rsquo;an dernier y sont déjà compté, mais il n&rsquo;est pas tard encore de nous rejoindre dans ce projet Contactez nous sans tarder pour voir si vous pouvez participer à l&rsquo;exposition. Le plein air qui aura le samedi 22 janvier  après-midi ou/et  le matin 30 janvier pourra accueillir tous ce qui le souhaitent, reserver vos dates. Ceux qui nous ont rejoint recemment peuvent parcourir notre  réunion publiée en vidéo non répertoriée ici Ci-dessous vous pouvez découvrir le calendrier des sorties déjà éffectuées en 2021 Janvier 2021 Notre première rencontre a eu lieu le 10 janvier 11h-16h au Potager du Dauphin à Meudon (visionnez le reportage youtube ) Le Samedi 23 janvier 14h-16h nous avons réalisé une deuxième sortie exceptionnelle: en coopéraiton avec notre partenaire l&rsquo;Office du Tourisme de Bougival. Elle a donné lieu au répérage pour l&rsquo;exposition qui est transféré en avril ( la séance fut reprogrammée pour le 3 avril mais actuellement encore repoussée par l&rsquo;Office du Tourisme dans l&rsquo;absence de l&rsquo;amelioration de la situations sanitaire Photos à retrouver sur notre compte Instagram @the_cradle_of_impressionism Février 2021 La sortie regulière le 14 février au Parc Martin Luter King dans Paris 17 ème a réuni 6 personnes . Photos à retrouver sur notre compte Instagram @the_cradle_of_impressionism Un voyage était à l&rsquo;étude et en planification un voyage en Bourgogne pour visite du gite près de Tonnerre à Tanlay Propriétaire accueille 3 personnes gratuitement et montre les environs très pittoresques. Il faut que cela des personnes succeptibles d&rsquo;organiser un stage cet été. Logement pour des groupes jusqu&rsquo;au 10 personnes .Dates précises sont encore à l&rsquo;étude https://www.chambres-hotes.fr/chambres-hotes_aupres-du-chateau_tanlay_h1789013.htm Candidatures à nous envoyer avec vos dates souhaitées. &#8211; reporté à des mois d&rsquo;été. Mars 2021 &#8211; Deuxième dimanche c&rsquo;est le 14 mars au Père Lachaise avec une visite guidée par François Tard &#8211; en savoir plus &#8211; ici Photos à retrouver sur notre compte Instagram @the_cradle_of_impressionism Avril 2021  Confinement les sorties et expo annulée Plein air et Exposition « Demeure d&rsquo;Artistes » à Bougival prévus du 3 au 11 avril sont répoussés par l&rsquo;Office du Tourisme de Bougival à une&#46;&#46;&#46;
